{"id":210,"date":"2024-08-19T16:39:14","date_gmt":"2024-08-19T13:39:14","guid":{"rendered":"https:\/\/vuralemekci.com.tr\/?page_id=210"},"modified":"2024-08-20T10:26:49","modified_gmt":"2024-08-20T07:26:49","slug":"festivaller","status":"publish","type":"page","link":"https:\/\/vuralemekci.com.tr\/index.php\/festivaller\/","title":{"rendered":"Festivaller"},"content":{"rendered":"<p>&nbsp;<\/p>\n<p><strong>D\u00f6vme Sanat\u0131n\u0131n Festival Havas\u0131!<\/strong><\/p>\n<p>D\u00f6vme sanat\u0131n\u0131n ruhunu bir festival co\u015fkusuyla bulu\u015fturuyoruz! Festivallerde, birbirinden yetenekli d\u00f6vme sanat\u00e7\u0131lar\u0131yla tan\u0131\u015fma f\u0131rsat\u0131 yakalayabilir, canl\u0131 performanslar\u0131 izleyerek sanata dair ilham alabilirsiniz. Bu \u00f6zel etkinliklerde, sadece d\u00f6vme yapt\u0131rmakla kalmayacak, ayn\u0131 zamanda yarat\u0131c\u0131 workshoplar, sanat g\u00f6sterimleri ve s\u00fcrpriz etkinliklerle dolu unutulmaz bir deneyim f\u0131rsat\u0131 yakalam\u0131\u015f oluyorsunuz.<\/p>\n<p>Festival alan\u0131nda, d\u00f6vme d\u00fcnyas\u0131n\u0131n farkl\u0131 stillerini ke\u015ffetme imkan\u0131 bulurken, sanat\u00e7\u0131larla birebir ileti\u015fim kurabilir, onlar\u0131n tecr\u00fcbelerinden faydalanabilirsiniz.<\/p>\n<p>Detayl\u0131 bilgi ve kat\u0131l\u0131m ko\u015fullar\u0131 i\u00e7in bizimle ileti\u015fime ge\u00e7ebilirsiniz.<\/p>\n<p><strong>MARMAR\u0130S D\u00d6VME FEST\u0130VAL\u0130NDEN KARELER<\/strong><\/p>\n<p><img loading=\"lazy\" decoding=\"async\" class=\"alignnone size-medium wp-image-234\" src=\"https:\/\/vuralemekci.com.tr\/wp-content\/uploads\/IMG_8495-225x300.jpg\" alt=\"\" width=\"225\" height=\"300\" srcset=\"https:\/\/vuralemekci.com.tr\/wp-content\/uploads\/IMG_8495-225x300.jpg 225w, https:\/\/vuralemekci.com.tr\/wp-content\/uploads\/IMG_8495-768x1024.jpg 768w, https:\/\/vuralemekci.com.tr\/wp-content\/uploads\/IMG_8495-1152x1536.jpg 1152w, https:\/\/vuralemekci.com.tr\/wp-content\/uploads\/IMG_8495-1536x2048.jpg 1536w, https:\/\/vuralemekci.com.tr\/wp-content\/uploads\/IMG_8495-scaled.jpg 1920w\" sizes=\"auto, (max-width: 225px) 100vw, 225px\" \/> <img loading=\"lazy\" decoding=\"async\" class=\"alignnone size-medium wp-image-243\" src=\"https:\/\/vuralemekci.com.tr\/wp-content\/uploads\/IMG_2956.00_00_08_19-169x300.jpg\" alt=\"\" width=\"169\" height=\"300\" srcset=\"https:\/\/vuralemekci.com.tr\/wp-content\/uploads\/IMG_2956.00_00_08_19-169x300.jpg 169w, https:\/\/vuralemekci.com.tr\/wp-content\/uploads\/IMG_2956.00_00_08_19-576x1024.jpg 576w, https:\/\/vuralemekci.com.tr\/wp-content\/uploads\/IMG_2956.00_00_08_19-768x1365.jpg 768w, https:\/\/vuralemekci.com.tr\/wp-content\/uploads\/IMG_2956.00_00_08_19-864x1536.jpg 864w, https:\/\/vuralemekci.com.tr\/wp-content\/uploads\/IMG_2956.00_00_08_19.jpg 1080w\" sizes=\"auto, (max-width: 169px) 100vw, 169px\" \/><\/p>\n<p><strong>ABD D\u00d6VME FEST\u0130VAL\u0130NDEN KARELER<\/strong><\/p>\n<p><img loading=\"lazy\" decoding=\"async\" class=\"alignnone size-medium wp-image-150\" src=\"https:\/\/vuralemekci.com.tr\/wp-content\/uploads\/abdfes-220x300.jpg\" alt=\"\" width=\"220\" height=\"300\" srcset=\"https:\/\/vuralemekci.com.tr\/wp-content\/uploads\/abdfes-220x300.jpg 220w, https:\/\/vuralemekci.com.tr\/wp-content\/uploads\/abdfes-751x1024.jpg 751w, https:\/\/vuralemekci.com.tr\/wp-content\/uploads\/abdfes-768x1048.jpg 768w, https:\/\/vuralemekci.com.tr\/wp-content\/uploads\/abdfes-1126x1536.jpg 1126w, https:\/\/vuralemekci.com.tr\/wp-content\/uploads\/abdfes.jpg 1173w\" sizes=\"auto, (max-width: 220px) 100vw, 220px\" \/><img loading=\"lazy\" decoding=\"async\" class=\"alignnone size-medium wp-image-239\" src=\"https:\/\/vuralemekci.com.tr\/wp-content\/uploads\/IMG_2528-225x300.jpg\" alt=\"\" width=\"225\" height=\"300\" srcset=\"https:\/\/vuralemekci.com.tr\/wp-content\/uploads\/IMG_2528-225x300.jpg 225w, https:\/\/vuralemekci.com.tr\/wp-content\/uploads\/IMG_2528-768x1024.jpg 768w, https:\/\/vuralemekci.com.tr\/wp-content\/uploads\/IMG_2528-1152x1536.jpg 1152w, https:\/\/vuralemekci.com.tr\/wp-content\/uploads\/IMG_2528-1536x2048.jpg 1536w, https:\/\/vuralemekci.com.tr\/wp-content\/uploads\/IMG_2528-scaled.jpg 1920w\" sizes=\"auto, (max-width: 225px) 100vw, 225px\" \/><\/p>\n<p><strong>FRANSA D\u00d6VME FEST\u0130VAL\u0130NDEN KARELER<\/strong><\/p>\n<p><img loading=\"lazy\" decoding=\"async\" class=\"alignnone size-medium wp-image-154\" src=\"https:\/\/vuralemekci.com.tr\/wp-content\/uploads\/fransafes-220x300.jpg\" alt=\"\" width=\"220\" height=\"300\" srcset=\"https:\/\/vuralemekci.com.tr\/wp-content\/uploads\/fransafes-220x300.jpg 220w, https:\/\/vuralemekci.com.tr\/wp-content\/uploads\/fransafes-751x1024.jpg 751w, https:\/\/vuralemekci.com.tr\/wp-content\/uploads\/fransafes-768x1048.jpg 768w, https:\/\/vuralemekci.com.tr\/wp-content\/uploads\/fransafes-1126x1536.jpg 1126w, https:\/\/vuralemekci.com.tr\/wp-content\/uploads\/fransafes.jpg 1173w\" sizes=\"auto, (max-width: 220px) 100vw, 220px\" \/><img loading=\"lazy\" decoding=\"async\" class=\"alignnone size-medium wp-image-237\" src=\"https:\/\/vuralemekci.com.tr\/wp-content\/uploads\/IMG_7136-169x300.jpg\" alt=\"\" width=\"169\" height=\"300\" srcset=\"https:\/\/vuralemekci.com.tr\/wp-content\/uploads\/IMG_7136-169x300.jpg 169w, https:\/\/vuralemekci.com.tr\/wp-content\/uploads\/IMG_7136-576x1024.jpg 576w, https:\/\/vuralemekci.com.tr\/wp-content\/uploads\/IMG_7136-768x1365.jpg 768w, https:\/\/vuralemekci.com.tr\/wp-content\/uploads\/IMG_7136-864x1536.jpg 864w, https:\/\/vuralemekci.com.tr\/wp-content\/uploads\/IMG_7136-1152x2048.jpg 1152w, https:\/\/vuralemekci.com.tr\/wp-content\/uploads\/IMG_7136-scaled.jpg 1440w\" sizes=\"auto, (max-width: 169px) 100vw, 169px\" \/><\/p>\n","protected":false},"excerpt":{"rendered":"<p>&nbsp; D\u00f6vme Sanat\u0131n\u0131n Festival Havas\u0131! D\u00f6vme sanat\u0131n\u0131n ruhunu bir festival co\u015fkusuyla bulu\u015fturuyoruz! Festivallerde, birbirinden yetenekli d\u00f6vme sanat\u00e7\u0131lar\u0131yla tan\u0131\u015fma f\u0131rsat\u0131 yakalayabilir,&#8230;<\/p>\n","protected":false},"author":1,"featured_media":0,"parent":0,"menu_order":0,"comment_status":"closed","ping_status":"closed","template":"","meta":{"footnotes":""},"class_list":["post-210","page","type-page","status-publish","hentry"],"_links":{"self":[{"href":"https:\/\/vuralemekci.com.tr\/index.php\/wp-json\/wp\/v2\/pages\/210","targetHints":{"allow":["GET"]}}],"collection":[{"href":"https:\/\/vuralemekci.com.tr\/index.php\/wp-json\/wp\/v2\/pages"}],"about":[{"href":"https:\/\/vuralemekci.com.tr\/index.php\/wp-json\/wp\/v2\/types\/page"}],"author":[{"embeddable":true,"href":"https:\/\/vuralemekci.com.tr\/index.php\/wp-json\/wp\/v2\/users\/1"}],"replies":[{"embeddable":true,"href":"https:\/\/vuralemekci.com.tr\/index.php\/wp-json\/wp\/v2\/comments?post=210"}],"version-history":[{"count":10,"href":"https:\/\/vuralemekci.com.tr\/index.php\/wp-json\/wp\/v2\/pages\/210\/revisions"}],"predecessor-version":[{"id":293,"href":"https:\/\/vuralemekci.com.tr\/index.php\/wp-json\/wp\/v2\/pages\/210\/revisions\/293"}],"wp:attachment":[{"href":"https:\/\/vuralemekci.com.tr\/index.php\/wp-json\/wp\/v2\/media?parent=210"}],"curies":[{"name":"wp","href":"https:\/\/api.w.org\/{rel}","templated":true}]}}