{"id":221,"date":"2024-08-19T16:44:10","date_gmt":"2024-08-19T13:44:10","guid":{"rendered":"https:\/\/vuralemekci.com.tr\/?page_id=221"},"modified":"2024-08-20T10:36:03","modified_gmt":"2024-08-20T07:36:03","slug":"magazink","status":"publish","type":"page","link":"https:\/\/vuralemekci.com.tr\/index.php\/magazink\/","title":{"rendered":"MAGAZ\u0130NK"},"content":{"rendered":"<p><strong>D\u00f6vme Sanat\u0131n\u0131n D\u00fcnyas\u0131na Yolculuk: MAGAZ\u0130NK<\/strong><\/p>\n<p>Her ay d\u00f6vme sanat\u0131n\u0131n en \u00f6zel k\u00f6\u015felerine \u0131\u015f\u0131k tutan MAGAZ\u0130NK, yaln\u0131zca bir dergi de\u011fil; bir ilham kayna\u011f\u0131. D\u00f6vme d\u00fcnyas\u0131nda yeni trendleri, sanat\u00e7\u0131lardan hikayeleri ve yarat\u0131c\u0131 tasar\u0131mlar\u0131 ke\u015ffetmek i\u00e7in ka\u00e7\u0131rmaman\u0131z\u0131 tavsiye ederiz. Bu dergide sadece g\u00f6rsel bir \u015f\u00f6len de\u011fil, ayn\u0131 zamanda sanata dair derinlemesine analizler, teknik ipu\u00e7lar\u0131 ve d\u00f6vme k\u00fclt\u00fcr\u00fcne dair samimi r\u00f6portajlar bulacaks\u0131n\u0131z.<\/p>\n<p><img loading=\"lazy\" decoding=\"async\" class=\"alignnone size-medium wp-image-234\" src=\"https:\/\/vuralemekci.com.tr\/wp-content\/uploads\/IMG_8495-225x300.jpg\" alt=\"\" width=\"225\" height=\"300\" srcset=\"https:\/\/vuralemekci.com.tr\/wp-content\/uploads\/IMG_8495-225x300.jpg 225w, https:\/\/vuralemekci.com.tr\/wp-content\/uploads\/IMG_8495-768x1024.jpg 768w, https:\/\/vuralemekci.com.tr\/wp-content\/uploads\/IMG_8495-1152x1536.jpg 1152w, https:\/\/vuralemekci.com.tr\/wp-content\/uploads\/IMG_8495-1536x2048.jpg 1536w, https:\/\/vuralemekci.com.tr\/wp-content\/uploads\/IMG_8495-scaled.jpg 1920w\" sizes=\"auto, (max-width: 225px) 100vw, 225px\" \/>\u00a0 <img loading=\"lazy\" decoding=\"async\" class=\"alignnone size-medium wp-image-155\" src=\"https:\/\/vuralemekci.com.tr\/wp-content\/uploads\/marmarisfes-220x300.jpg\" alt=\"\" width=\"220\" height=\"300\" srcset=\"https:\/\/vuralemekci.com.tr\/wp-content\/uploads\/marmarisfes-220x300.jpg 220w, https:\/\/vuralemekci.com.tr\/wp-content\/uploads\/marmarisfes-751x1024.jpg 751w, https:\/\/vuralemekci.com.tr\/wp-content\/uploads\/marmarisfes-768x1048.jpg 768w, https:\/\/vuralemekci.com.tr\/wp-content\/uploads\/marmarisfes-1126x1536.jpg 1126w, https:\/\/vuralemekci.com.tr\/wp-content\/uploads\/marmarisfes.jpg 1173w\" sizes=\"auto, (max-width: 220px) 100vw, 220px\" \/><\/p>\n<p>MAGAZ\u0130NK, sanat\u00e7\u0131lar\u0131m\u0131z\u0131n yarat\u0131c\u0131 s\u00fcre\u00e7lerine tan\u0131kl\u0131k etmenizi sa\u011flarken, d\u00f6vme d\u00fcnyas\u0131na dair merak etti\u011finiz her detay\u0131 size sunmay\u0131 ihmal etmiyor. Her say\u0131da farkl\u0131 bir temay\u0131 ele al\u0131yor, bu b\u00fcy\u00fcl\u00fc d\u00fcnyan\u0131n s\u0131n\u0131rlar\u0131n\u0131 birlikte zorluyoruz. Okuyucular\u0131m\u0131z\u0131 sanat\u0131n derinliklerine do\u011fru bir yolculu\u011fa \u00e7\u0131kar\u0131yoruz.<\/p>\n<p><strong>Sanatla dolu bu e\u015fsiz yolculu\u011fa kat\u0131lmak ve d\u00f6vme d\u00fcnyas\u0131na farkl\u0131 bir perspektiften bakmak i\u00e7in MAGAZ\u0130NK\u2019i ke\u015ffetmeye ba\u015flay\u0131n!<\/strong><\/p>\n","protected":false},"excerpt":{"rendered":"<p>D\u00f6vme Sanat\u0131n\u0131n D\u00fcnyas\u0131na Yolculuk: MAGAZ\u0130NK Her ay d\u00f6vme sanat\u0131n\u0131n en \u00f6zel k\u00f6\u015felerine \u0131\u015f\u0131k tutan MAGAZ\u0130NK, yaln\u0131zca bir dergi de\u011fil; bir&#8230;<\/p>\n","protected":false},"author":1,"featured_media":0,"parent":0,"menu_order":0,"comment_status":"closed","ping_status":"closed","template":"","meta":{"footnotes":""},"class_list":["post-221","page","type-page","status-publish","hentry"],"_links":{"self":[{"href":"https:\/\/vuralemekci.com.tr\/index.php\/wp-json\/wp\/v2\/pages\/221","targetHints":{"allow":["GET"]}}],"collection":[{"href":"https:\/\/vuralemekci.com.tr\/index.php\/wp-json\/wp\/v2\/pages"}],"about":[{"href":"https:\/\/vuralemekci.com.tr\/index.php\/wp-json\/wp\/v2\/types\/page"}],"author":[{"embeddable":true,"href":"https:\/\/vuralemekci.com.tr\/index.php\/wp-json\/wp\/v2\/users\/1"}],"replies":[{"embeddable":true,"href":"https:\/\/vuralemekci.com.tr\/index.php\/wp-json\/wp\/v2\/comments?post=221"}],"version-history":[{"count":4,"href":"https:\/\/vuralemekci.com.tr\/index.php\/wp-json\/wp\/v2\/pages\/221\/revisions"}],"predecessor-version":[{"id":296,"href":"https:\/\/vuralemekci.com.tr\/index.php\/wp-json\/wp\/v2\/pages\/221\/revisions\/296"}],"wp:attachment":[{"href":"https:\/\/vuralemekci.com.tr\/index.php\/wp-json\/wp\/v2\/media?parent=221"}],"curies":[{"name":"wp","href":"https:\/\/api.w.org\/{rel}","templated":true}]}}